 of 738272503?
0
What is the thousands digit of 1540777987?
7
What is the tens digit of 1759018641?
4
What is the thousands digit of 4936186?
6
What is the hundreds digit of 66026483?
4
What is the hundred millions digit of 1296635006?
2
What is the hundreds digit of 43312032?
0
What is the ten thousands digit of 340087296?
8
What is the ten millions digit of 1203370570?
0
What is the thousands digit of 1140776898?
6
What is the hundred thousands digit of 39210593?
2
What is the hundred millions digit of 137797530?
1
What is the tens digit of 45420642?
4
What is the hundreds digit of 2428220270?
2
What is the thousands digit of 49001090?
1
What is the ten millions digit of 33211960?
3
What is the units digit of 2478845142?
2
What is the hundred millions digit of 1462461971?
4
What is the hundred millions digit of 108965112?
1
What is the millions digit of 373597640?
3
What is the tens digit of 1167635295?
9
What is the millions digit of 259160123?
9
What is the ten millions digit of 2516325360?
1
What is the hundreds digit of 25970110?
1
What is the ten millions digit of 15966018?
1
What is the ten millions digit of 127746331?
2
What is the tens digit of 44829360?
6
What is the units digit of 47306475?
5
What is the millions digit of 118702335?
8
What is the ten thousands digit of 44712809?
1
What is the ten millions digit of 825762242?
2
What is the ten thousands digit of 309935770?
3
What is the ten thousands digit of 29007008?
0
What is the thousands digit of 386582202?
2
What is the thousands digit of 138104219?
4
What is the ten thousands digit of 2274247262?
4
What is the millions digit of 93048215?
3
What is the hundred millions digit of 2864441422?
8
What is the hundreds digit of 1410622378?
3
What is the ten thousands digit of 33366716?
6
What is the billions digit of 1260138711?
1
What is the tens digit of 1428318779?
7
What is the millions digit of 758711935?
8
What is the billions digit of 3366997426?
3
What is the ten thousands digit of 913333243?
3
What is the hundreds digit of 323770000?
0
What is the hundreds digit of 616945855?
8
What is the millions digit of 8267484?
8
What is the hundreds digit of 1673584516?
5
What is the thousands digit of 95650030?
0
What is the ten millions digit of 1021268556?
2
What is the hundreds digit of 184586484?
4
What is the hundred thousands digit of 74595528?
5
What is the ten thousands digit of 1257886306?
8
What is the millions digit of 5245683?
5
What is the hundred millions digit of 127424021?
1
What is the hundred thousands digit of 1910003676?
0
What is the millions digit of 178010530?
8
What is the units digit of 54118899?
9
What is the ten millions digit of 3466383839?
6
What is the units digit of 550727555?
5
What is the units digit of 2993604827?
7
What is the hundreds digit of 364072382?
3
What is the ten thousands digit of 991539?
9
What is the ten thousands digit of 52605892?
0
What is the hundred thousands digit of 168786719?
7
What is the units digit of 179287689?
9
What is the millions digit of 19745575?
9
What is the hundred millions digit of 224772847?
2
What is the thousands digit of 5004899301?
9
What is the ten millions digit of 235524160?
3
What is the ten millions digit of 419572168?
1
What is the tens digit of 2689877668?
6
What is the billions digit of 2496577231?
2
What is the units digit of 54417081?
1
What is the ten millions digit of 457329622?
5
What is the units digit of 1078018091?
1
What is the tens digit of 99658595?
9
What is the hundreds digit of 3476986747?
7
What is the hundred millions digit of 266397194?
2
What is the tens digit of 299245601?
0
What is the units digit of 43815283?
3
What is the units digit of 4640505?
5
What is the hundreds digit of 53557449?
4
What is the hundred millions digit of 1253232857?
2
What is the units digit of 19353483?
3
What is the tens digit of 26549382?
8
What is the hundred thousands digit of 419231851?
2
What is the ten thousands digit of 323471384?
7
What is the millions digit of 20033205?
0
What is the tens digit of 23587633?
3
What is the units digit of 84524523?
3
What is the hundred thousands digit of 715231494?
2
What is the hundred thousands digit of 1843279797?
2
What is the units digit of 303436292?
2
What is the hundred thousands digit of 126329200?
3
What is the hundred millions digit of 1063525684?
0
What is the hundred millions digit of 2452083548?
4
What is the ten millions digit of 1011549212?
1
What is the units digit of 153449598?
8
What is the ten thousands digit of 129163689?
6
What is the hundreds digit of 181180482?
4
What is the ten thousands digit of 641073242?
7
What is the ten thousands digit of 208358916?
5
What is the millions digit of 543348508?
3
What is the hundreds digit of 163008595?
5
What is the ten millions digit of 203890311?
0
What is the hundred millions digit of 2961203972?
9
What is the hundreds digit of 69904949?
9
What is the thousands digit of 413470309?
0
What is the hundreds digit of 29202421?
4
What is the hundreds digit of 987147394?
3
What is the hundred thousands digit of 105617734?
6
What is the units digit of 535868594?
4
What is the tens digit of 159137291?
9
What is the hundreds digit of 867251027?
0
What is the thousands digit of 3872492745?
2
What is the ten thousands digit of 2252518746?
1
What is the hundred thousands digit of 379954341?
9
What is the thousands digit of 2013472200?
2
What is the hundred thousands digit of 61877757?
8
What is the tens digit of 251998338?
3
What is the ten millions digit of 401723868?
0
What is the hundred thousands digit of 628042021?
0
What is the billions digit of 1170039286?
1
What is the hundreds digit of 2249001265?
2
What is the hundreds digit of 15423232?
2
What is the ten millions digit of 1158376999?
5
What is the units digit of 130214767?
7
What is the ten millions digit of 960052715?
6
What is the millions digit of 3067691700?
7
What is the ten millions digit of 67585035?
6
What is the units digit of 1998728047?
7
What is the hundred millions digit of 528464308?
5
What is the hundreds digit of 7935382661?
6
What is the millions digit of 49372591?
9
What is the units digit of 49354581?
1
What is the units digit of 3001956517?
7
What is the units digit of 34585456?
6
What is the thousands digit of 17475219?
5
What is the thousands digit of 703288830?
8
What is the millions digit of 1458003303?
8
What is the units digit of 1862906748?
8
What is the ten thousands digit of 23631927?
3
What is the millions digit of 44726666?
4
What is the ten thousands digit of 73253095?
5
What is the hundreds digit of 1294842907?
9
What is the hundred thousands digit of 106148023?
1
What is the hundred thousands digit of 297995593?
9
What is the ten millions digit of 59561161?
5
What is the ten thousands digit of 13592351?
9
What is the units digit of 291159840?
0
What is the thousands digit of 98112293?
2
What is the ten thousands digit of 123383262?
8
What is the units digit of 51605744?
4
What is the ten thousands digit of 2127306607?
0
What is the millions digit of 39546274?
9
What is the ten thousands digit of 624085064?
8
What is the hundred thousands digit of 2878500?
8
What is the hundred thousands digit of 826179072?
1
What is the millions digit of 266177909?
6
What is the hundred millions digit of 260996071?
2
What is the hundred millions digit of 155373543?
1
What is the tens digit of 293785116?
1
What is the thousands digit of 33069785?
9
What is the ten millions digit of 320849192?
2
What is the millions digit of 144160105?
4
What is the hundreds digit of 519374013?
0
What is the units digit of 141793703?
3
What is the thousands digit of 556633405?
3
What is the ten millions digit of 85154353?
8
What is the hundreds digit of 6407387?
3
What is the hundred thousands digit of 143831671?
8
What is the units digit of 11492708?
8
What is the units digit of 16613873?
3
What is the hundred thousands digit of 46873572?
8
What is the hundred thousands digit of 997581036?
5
What is the hundreds digit of 8404610?
6
What is the hundred millions digit of 1342680618?
3
What is the hundred thousands digit of 21484930?
4
What is the units digit of 111643342?
2
What is the hundred thousands digit of 54176145?
1
What is the hundred thousands 